{"id":1029,"date":"2020-07-01T10:07:30","date_gmt":"2020-07-01T09:07:30","guid":{"rendered":"https:\/\/www.vccp.com\/madrid\/?page_id=1029"},"modified":"2020-07-10T11:37:23","modified_gmt":"2020-07-10T10:37:23","slug":"noticias","status":"publish","type":"page","link":"https:\/\/www.vccp.com\/spain\/es-es\/noticias","title":{"rendered":"Noticias"},"content":{"rendered":"","protected":false},"excerpt":{"rendered":"","protected":false},"author":2,"featured_media":0,"parent":0,"menu_order":0,"comment_status":"closed","ping_status":"closed","template":"page-news-listing.php","meta":{"_acf_changed":false,"inline_featured_image":false,"footnotes":""},"class_list":["post-1029","page","type-page","status-publish","hentry"],"acf":{"meta-description":"Latest news from VCCP.es","og-image":false,"twitter-site":"","twitter-card":"","twitter-image-alt":"","hero_video":"","hero_image":{"ID":9795,"id":9795,"title":"FOTO 1_ALEJO","filename":"FOTO-1_ALEJO.jpg","filesize":273896,"url":"https:\/\/www.vccp.com\/spain\/wp-content\/uploads\/sites\/3\/2023\/05\/FOTO-1_ALEJO.jpg","link":"https:\/\/www.vccp.com\/spain\/work\/rock-fm\/speedyrock-fm-acelera-la-musica-si-te-pasas-de-velocidad\/attachment\/foto-1_alejo","alt":"","author":"23","description":"","caption":"","name":"foto-1_alejo","status":"inherit","uploaded_to":9792,"date":"2023-05-10 08:22:30","modified":"2023-05-10 08:22:30","menu_order":0,"mime_type":"image\/jpeg","type":"image","subtype":"jpeg","icon":"https:\/\/www.vccp.com\/spain\/wp-includes\/images\/media\/default.png","width":1920,"height":960,"sizes":{"thumbnail":"https:\/\/www.vccp.com\/spain\/wp-content\/uploads\/sites\/3\/2023\/05\/FOTO-1_ALEJO-150x150.jpg","thumbnail-width":150,"thumbnail-height":150,"medium":"https:\/\/www.vccp.com\/spain\/wp-content\/uploads\/sites\/3\/2023\/05\/FOTO-1_ALEJO-300x150.jpg","medium-width":300,"medium-height":150,"medium_large":"https:\/\/www.vccp.com\/spain\/wp-content\/uploads\/sites\/3\/2023\/05\/FOTO-1_ALEJO-768x384.jpg","medium_large-width":640,"medium_large-height":320,"large":"https:\/\/www.vccp.com\/spain\/wp-content\/uploads\/sites\/3\/2023\/05\/FOTO-1_ALEJO-1024x512.jpg","large-width":640,"large-height":320,"1536x1536":"https:\/\/www.vccp.com\/spain\/wp-content\/uploads\/sites\/3\/2023\/05\/FOTO-1_ALEJO-1536x768.jpg","1536x1536-width":1536,"1536x1536-height":768,"2048x2048":"https:\/\/www.vccp.com\/spain\/wp-content\/uploads\/sites\/3\/2023\/05\/FOTO-1_ALEJO.jpg","2048x2048-width":1920,"2048x2048-height":960,"Header":"https:\/\/www.vccp.com\/spain\/wp-content\/uploads\/sites\/3\/2023\/05\/FOTO-1_ALEJO-1920x720.jpg","Header-width":1920,"Header-height":720,"Wide":"https:\/\/www.vccp.com\/spain\/wp-content\/uploads\/sites\/3\/2023\/05\/FOTO-1_ALEJO.jpg","Wide-width":1920,"Wide-height":960,"Square":"https:\/\/www.vccp.com\/spain\/wp-content\/uploads\/sites\/3\/2023\/05\/FOTO-1_ALEJO-768x768.jpg","Square-width":768,"Square-height":768,"Tall":"https:\/\/www.vccp.com\/spain\/wp-content\/uploads\/sites\/3\/2023\/05\/FOTO-1_ALEJO-307x615.jpg","Tall-width":307,"Tall-height":615,"Mobile":"https:\/\/www.vccp.com\/spain\/wp-content\/uploads\/sites\/3\/2023\/05\/FOTO-1_ALEJO-768x960.jpg","Mobile-width":768,"Mobile-height":960,"Facebook":"https:\/\/www.vccp.com\/spain\/wp-content\/uploads\/sites\/3\/2023\/05\/FOTO-1_ALEJO-1200x630.jpg","Facebook-width":1200,"Facebook-height":630,"Grid-Item-Square":"https:\/\/www.vccp.com\/spain\/wp-content\/uploads\/sites\/3\/2023\/05\/FOTO-1_ALEJO-768x768.jpg","Grid-Item-Square-width":768,"Grid-Item-Square-height":768,"Grid-Item-Wide":"https:\/\/www.vccp.com\/spain\/wp-content\/uploads\/sites\/3\/2023\/05\/FOTO-1_ALEJO-768x384.jpg","Grid-Item-Wide-width":768,"Grid-Item-Wide-height":384,"Grid-Item-Tall":"https:\/\/www.vccp.com\/spain\/wp-content\/uploads\/sites\/3\/2023\/05\/FOTO-1_ALEJO-307x615.jpg","Grid-Item-Tall-width":307,"Grid-Item-Tall-height":615}},"title":" ","sub_title":"","related_content_title":"You may also like","relateditems":[{"relateditem":{"ID":8692,"post_author":"5","post_date":"2020-01-30 15:48:22","post_date_gmt":"2020-01-30 15:48:22","post_content":"<!-- wp:lazyblock\/video {\"video-id\":\"385959046\",\"blockId\":\"sUrS2\",\"blockUniqueClass\":\"lazyblock-video-sUrS2\"} \/-->\n\n<!-- wp:lazyblock\/two-column-text-quote-image {\"text-right\":\"\\u003cp\\u003eThe telecommunications operator 02, owned by Telef\u00f3nica, launched an innovative integrated campaign last weekend created by VCCP Spain , the agency responsible for managing the O2 brand in Spain since its launch in 2018.\\u003c\/p\\u003e\\n\\u003cp\\u003eWith the aim of continuing to increase the notoriety and positioning of the brand, the campaign is aimed directly at dissatisfied customers in the sector with a close and friendly tone, inviting those who remain with other companies only out of inertia to think.\\u003c\/p\\u003e\\n\\u003cp\\u003eThe campaign tries to appeal to the latent feeling of frustration in a large part of the telephony users, with the aim of awakening them to reflect on them and, with this, promote the process of change to O2.\\u003c\/p\\u003e\",\"quote\":\"O2 is a brand that dares to make consumers think. As a creative, it is always a challenge and a huge pleasure to work for these types of brands.\",\"blockId\":\"Z1yN8Ut\",\"blockUniqueClass\":\"lazyblock-two-column-text-quote-image-Z1yN8Ut\"} \/-->\n\n<!-- wp:lazyblock\/image-full-width {\"image\":\"%7B%22alt%22:%22%22,%22title%22:%2202_fish_closeup%22,%22caption%22:%22%22,%22id%22:8677,%22link%22:%22https:\/\/www.vccp.com\/madrid\/02_fish_closeup%22,%22url%22:%22https:\/\/www.vccp.com\/madrid\/wp-content\/uploads\/sites\/3\/2020\/08\/02_fish_closeup.jpg%22%7D\",\"blockId\":\"1mJTW9\",\"blockUniqueClass\":\"lazyblock-image-full-width-1mJTW9\"} \/-->\n\n<!-- wp:lazyblock\/text-full-width-bold {\"text\":\"To do this, the campaign shows a flying fish that, realizing that it has wings, leaves the school of fish, rises to the surface and, driven by its wings, flies. The main message of the campaign is: \\u0022You have wings, aren't you going to use them?\\u0022\",\"blockId\":\"Z2uIJtS\",\"blockUniqueClass\":\"lazyblock-text-full-width-bold-Z2uIJtS\"} \/-->\n\n<!-- wp:lazyblock\/two-column-text-quote-image {\"text-left\":\"\\u003cp\\u003eAs in the previous campaign, the one in charge of giving voice to all the pieces has been the actress and composer Leonor Watling . For the music there has been an original music from the Neuman group.\\u003c\/p\\u003e\\n\\u003cp\\u003e\u201cPez\u201d is an integrated campaign with a significant presence on TV with 25 \u201dspots, as well as in the outdoor environment , underground, canopies and columns. It also has a wide digital and social media campaign.\\u003c\/p\\u003e\",\"text-right\":\"\\u003cp\\u003eAfter its launch in 2018, O2 revolutionized the Spanish market with a differentiated value proposition, based on an ethical and simple service, a clear offer and a fair price.\\u003c\/p\\u003e\\n\\u003cp\\u003eWorking hand in hand with the VCCP Spain agency, O2 has established itself with remarkable success as a close operator that offers a new way of relating to the consumer that is much simpler, personal and non-intrusive, being the alternative for the high percentage of disappointed people with the telephony sector.\\u003c\/p\\u003e\",\"blockId\":\"LkHDJ\",\"blockUniqueClass\":\"lazyblock-two-column-text-quote-image-LkHDJ\"} \/-->\n\n<!-- wp:lazyblock\/two-column-images {\"items\":\"%5B%7B%22image-768x768%22:%7B%22alt%22:%22%22,%22title%22:%22O2_fish_campaign_Bellas_Artes_Madrid_billboard%22,%22caption%22:%22%22,%22id%22:8675,%22link%22:%22https:\/\/www.vccp.com\/madrid\/o2_fish_campaign_bellas_artes_madrid_billboard%22,%22url%22:%22https:\/\/www.vccp.com\/madrid\/wp-content\/uploads\/sites\/3\/2020\/08\/O2_fish_campaign_Bellas_Artes_Madrid_billboard.jpg%22%7D%7D,%7B%22image-768x768%22:%7B%22alt%22:%22%22,%22title%22:%2202_fish_campaign_close_up%22,%22caption%22:%22%22,%22id%22:8676,%22link%22:%22https:\/\/www.vccp.com\/madrid\/02_fish_campaign_close_up%22,%22url%22:%22https:\/\/www.vccp.com\/madrid\/wp-content\/uploads\/sites\/3\/2020\/08\/02_fish_campaign_close_up.jpg%22%7D%7D%5D\",\"blockId\":\"1DVCDz\",\"blockUniqueClass\":\"lazyblock-two-column-images-1DVCDz\"} \/-->\n\n<!-- wp:lazyblock\/quote-full-width {\"quote\":\"We are very happy with the new campaign, we remain faithful to our line of communication relying on our values \u200b\u200bof proposing to the client that has shown us is the pillar of differentiation of O2 in the sector, and at the same time visually innovating with a beautiful high quality advertisement where the Flying Fish together with the unique elements of the brand, the gradient blue and bubble, form a great team\",\"quotee\":\"Gema Perona, O2.\",\"blockId\":\"Z1XL67r\",\"blockUniqueClass\":\"lazyblock-quote-full-width-Z1XL67r\"} \/-->","post_title":"Pez Volador","post_excerpt":"Spot de O2 que usa un pez volador para rellenar su mensaje.","post_status":"publish","comment_status":"closed","ping_status":"closed","post_password":"","post_name":"pez-volador","to_ping":"","pinged":"","post_modified":"2020-09-07 13:29:27","post_modified_gmt":"2020-09-07 12:29:27","post_content_filtered":"","post_parent":8553,"guid":"https:\/\/www.vccp.com\/madrid\/?post_type=work&#038;p=8692","menu_order":0,"post_type":"work","post_mime_type":"","comment_count":"0","filter":"raw"}},{"relateditem":{"ID":8945,"post_author":"2","post_date":"2020-03-23 17:45:00","post_date_gmt":"2020-03-23 17:45:00","post_content":"<!-- wp:lazyblock\/two-column-side-by-side-text-inline-image-button {\"items\":\"%5B%7B%22text%22:%22%3Cp%3E%3Cstrong%3EVCCP%20Spain%3C\/strong%3E%C2%A0ha%20ganado%20la%20cuenta%20de%20Larios%20tras%20la%20celebraci%C3%B3n%20de%20un%20concurso%20de%20agencias%20que%20tuvo%20lugar%20recientemente%20y%20en%20el%20que%20participaron%204%20agencias.%3C\/p%3E%22%7D,%7B%22text%22:%22%3Cp%3EComo%20resultado%20del%20concurso,%20VCCP%20Spain%20es%20la%20nueva%20agencia%20responsable%20tanto%20del%20desarrollo%20estrat%C3%A9gico%20como%20de%20la%20creaci%C3%B3n%20y%20producci%C3%B3n%20de%20las%20diferentes%20campa%C3%B1as%20de%20Larios%20en%20todos%20los%20puntos%20de%20contacto,%20trabajando%20en%20estrecha%20colaboraci%C3%B3n%20con%20las%20agencias%20de%20medios%20y%20relaciones%20p%C3%BAblicas%20de%20la%20marca.%3C\/p%3E%22%7D%5D\",\"blockId\":\"Z24kX2O\",\"blockUniqueClass\":\"lazyblock-two-column-side-by-side-text-inline-image-button-Z24kX2O\"} \/-->\n\n<!-- wp:lazyblock\/quote-full-width {\"quote\":\"Tenemos mucha ilusi\u00f3n y confianza en el camino que iniciamos juntos con VCCP, durante las pocas semanas que llevamos juntos ya han demostrado sensibilidad y frescura para defender el estilo de vida mediterr\u00e1neo del que Larios hace bandera. Nos sentimos afortunados de que hayan puesto su talento al servicio de Larios\",\"quotee\":\"Marcos de la Torre, director de marketing de Maxxium\",\"blockId\":\"DYfF\",\"blockUniqueClass\":\"lazyblock-quote-full-width-DYfF\"} \/-->\n\n<!-- wp:lazyblock\/two-column-text-quote-image {\"text-right\":\"\\u003cp\\u003eA pesar de la compleja situaci\u00f3n de la categor\u00eda ginebras, que tras 8 a\u00f1os de crecimiento empieza a decrecer en volumen, Larios mantiene el liderazgo gracias al plan de transformaci\u00f3n de la marca emprendido durante los \u00faltimos a\u00f1os.\\u003c\/p\\u003e\\n\\u003cp\\u003eEn palabras de\u00a0\\u003cstrong\\u003eJavier Suso, CEO de VCCP Spain\\u003c\/strong\\u003e: \u201c\\u003cem\\u003eLarios es una gran marca, de esas para las que toda agencia desea trabajar por su gran arraigo, su relevancia en la cultura popular espa\u00f1ola, su personalidad y, sobre todo, por la ambici\u00f3n de su proyecto de futuro, en el que tendremos la suerte de participar. Estamos muy agradecidos al equipo de la marca por la confianza depositada en nosotros\u201d.\\u003c\/em\\u003e\\u003c\/p\\u003e\\n\\u003cp\\u003eEl trabajo que VCCP Spain desarrollar\u00e1 para la marca tiene como objetivo consolidar el liderazgo sostenible de Larios en la categor\u00eda ginebras en los pr\u00f3ximos a\u00f1os, incrementando el brand equity, la relevancia y la diferenciaci\u00f3n de la marca en un sector cada d\u00eda m\u00e1s competitivo, intensificando el v\u00ednculo emocional con la marca Larios, as\u00ed como optimizando la experiencia de marca.\\u003c\/p\\u003e\",\"quote\":\"Larios es una gran marca, de esas para las que toda agencia desea trabajar\",\"image-768x768\":\"%7B%22alt%22:%22%22,%22title%22:%22Familia%20LariosEspiritu%20Mediterraneocitrus%22,%22caption%22:%22%22,%22id%22:8943,%22link%22:%22https:\/\/www.vccp.com\/madrid\/news\/2020\/03\/vccp-spain-gana-la-cuenta-de-larios\/attachment\/familia-lariosespiritu-mediterraneocitrus%22,%22url%22:%22https:\/\/www.vccp.com\/madrid\/wp-content\/uploads\/sites\/3\/2020\/08\/Familia-LariosEspiritu-Mediterraneocitrus.jpg%22%7D\",\"blockId\":\"Z19Afsi\",\"blockUniqueClass\":\"lazyblock-two-column-text-quote-image-Z19Afsi\"} \/-->","post_title":"Ganamos la cuenta de Larios","post_excerpt":"","post_status":"publish","comment_status":"closed","ping_status":"closed","post_password":"","post_name":"vccp-spain-gana-la-cuenta-de-larios","to_ping":"","pinged":"","post_modified":"2023-02-07 10:33:52","post_modified_gmt":"2023-02-07 10:33:52","post_content_filtered":"","post_parent":0,"guid":"https:\/\/www.vccp.com\/madrid\/?post_type=news&#038;p=8945","menu_order":0,"post_type":"news","post_mime_type":"","comment_count":"0","filter":"raw"}},{"relateditem":{"ID":8941,"post_author":"2","post_date":"2020-03-25 17:32:14","post_date_gmt":"2020-03-25 17:32:14","post_content":"<!-- wp:lazyblock\/text-full-width {\"text\":\"\\u003ch4\\u003eNace Stay Awards, el primer festival que pone la creatividad al servicio de la sociedad, para luchar contra las consecuencias del coronavirus.\\u003c\\\/h4\\u003e\",\"blockId\":\"Z1kiuQy\",\"blockUniqueClass\":\"lazyblock-text-full-width-Z1kiuQy\"} \/-->\n\n<!-- wp:lazyblock\/two-column-side-by-side-text-inline-image-button {\"items\":\"%5B%7B%22text%22:%22%3Cp%3E%3Cstrong%3EStay%20Awards%3C\\\/strong%3E%C2%A0es%20una%20iniciativa%20creada%20desde%20el%20compromiso%20de%20un%20grupo%20de%20profesionales%20de%20la%20agencia%20VCCP%20y%20cuenta%20con%20la%20misi%C3%B3n%20de%20poner%20el%20talento%20de%20las%20personas%20al%20servicio%20de%20la%20sociedad%20para%20luchar%20contra%20el%20coronavirus%20y%20sus%20efectos%20en%20nuestras%20vidas.%3C\\\/p%3E%5Cn%3Cp%3EActualmente,%20muchos%20profesionales%20de%20diferentes%20sectores%20(psic%C3%B3logos,%20docentes,%20personal%20sanitario,%20abogados...)%20est%C3%A1n%20ofreciendo%20su%20ayuda%20de%20forma%20desinteresada%20para%20superar%20el%20reto%20al%20que%20nos%20enfrentamos%20como%20consecuencia%20de%20la%20crisis%20sanitaria%20por%20el%20coronavirus.%3C\\\/p%3E%5Cn%3Cp%3EEn%20este%20sentido,%C2%A0%3Cstrong%3EStay%20Awards%3C\\\/strong%3E%C2%A0trata%20de%20promover%20y%20articular%20la%20ayuda%20desinteresada%20de%20todos%20los%20profesionales%20del%20sector%20publicitario%20para%20ofrecer%20soluciones%20a%20un%20mismo%20cliente:%20la%20sociedad.%20Y%20lo%20hace%20a%20trav%C3%A9s%20de%20sus%20perfiles%20de%20Instagram%20(%3Cstrong%3Estayawards_es%3C\\\/strong%3E%C2%A0para%20pa%C3%ADses%20hispanoparlantes%20y%C2%A0%3Cstrong%3Estayawards_International%3C\\\/strong%3E%C2%A0para%20pa%C3%ADses%20angloparlantes).%3C\\\/p%3E%5Cn%3Cp%3EEn%20concreto,%20se%20trata%20de%20un%20festival%20publicitario%20virtual%20que%20ofrece%20premios%20a%20las%20mejores%20ideas%20para%20hacer%20frente%20a%20las%20principales%20problem%C3%A1ticas%20derivadas%20del%20coronavirus%20y%20del%20estado%20de%20confinamiento%20al%20que%20nos%20enfrentamos.%3C\\\/p%3E%5Cn%3Cp%3EEstas%20problem%C3%A1ticas,%20que%20definen%20las%20categor%C3%ADas%20de%20este%20festival,%20son%20las%20siguientes:%C2%A0%3C\\\/p%3E%5Cn%3Cp%3E-%20Nuevos%20medios:%20los%20balcones.%3C\\\/p%3E%5Cn%3Cp%3E-%20Outdoor:%20apoyo%20a%20los%20profesionales%20que%20siguen%20trabajando%20fuera%20de%20casa.%3C\\\/p%3E%5Cn%3Cp%3E-%20Entretenimiento:%20en%20tiempo%20de%20cuarentena.%3C\\\/p%3E%5Cn%3Cp%3E-%20(Des)%20activaci%C3%B3n%20de%20ni%C3%B1os%20en%20horario%20laboral.%3C\\\/p%3E%5Cn%3Cp%3E-%20PR:%20paremos%20los%20bulos.%3C\\\/p%3E%5Cn%3Cp%3E-%20Direct:%20c%C3%B3mo%20acompa%C3%B1ar%20a%20los%20hospitalizados.%3C\\\/p%3E%5Cn%3Cp%3E-%20Responsabilidad%20con%20las%20personas%20vulnerables.%3C\\\/p%3E%5Cn%3Cp%3E-%20Storytelling%20para%20ni%C3%B1os:educaci%C3%B3n%20sanitaria%20a%20ni%C3%B1os%20respecto%20al%20COVID-19.%3C\\\/p%3E%5Cn%3Cp%3E-%20%C2%BFY%20despu%C3%A9s?%20Vuelta%20a%20la%20vida%20real:%20ayuda%20a%20los%20afectados%20tras%20la%20vuelta%20a%20la%20normalidad.%3C\\\/p%3E%22%7D,%7B%22text%22:%22%3Cp%3ECada%20semana%20se%20seleccionar%C3%A1%20una%20categor%C3%ADa,%20que%20se%20har%C3%A1%20p%C3%BAblica%20a%20trav%C3%A9s%20de%20un%20story%20en%20el%20perfil%20de%C2%A0%3Cstrong%3EInstagram%20stayawards_es%3C\\\/strong%3E,%20y%20se%20abrir%C3%A1%20un%20periodo%20de%2048%20horas%20para%20que%20cualquier%20persona%20pueda%20proponer%20sus%20ideas%20para%20dar%20respuesta%20a%20la%20problem%C3%A1tica%20propuesta.%20La%20participaci%C3%B3n%20se%20articular%C3%A1%20a%20trav%C3%A9s%20de%20Instagram%20(DM%20al%20perfil%20de%20Stay%20Awards)%20o%20por%20email%20(%3Ca%20href=%5C%22mailto:hellostayawards@gmail.com%5C%22%3Ehellostayawards@gmail.com%3C\\\/a%3E).%3C\\\/p%3E%5Cn%3Cp%3ELas%20soluciones,%20de%20acuerdo%20a%20los%20ejemplos%20propuestas%20en%20la%20secci%C3%B3n%20%5C%22Inspiraci%C3%B3n%5C%22%20de%20los%20destacados%20del%20perfil%20de%20Instagram,%20deben%20ser%20sencillas%20y%20f%C3%A1ciles%20de%20aplicar%20para%20cualquier%20persona.%3C\\\/p%3E%5Cn%3Cp%3EA%20finales%20de%20cada%20semana%20se%20compartir%C3%A1n%20las%20mejores%20ideas,%20d%C3%A1ndoles%20la%20mayor%20difusi%C3%B3n%20posible%20para%20que%20todo%20el%20mundo%20pueda%20ponerlas%20en%20pr%C3%A1ctica.%3C\\\/p%3E%5Cn%3Cp%3ELa%20participaci%C3%B3n%20en%20este%20festival%20est%C3%A1%20abierto%20a%20cualquier%20persona,%20ya%20sea%20profesional%20del%20sector%20publicitario%20o%20no,%20tanto%20en%20Espa%C3%B1a%20de%20cualquier%20pa%C3%ADs%20del%20mundo,%20porque%20aunque%20debemos%20quedarnos%20en%20casa,%20nuestras%20ideas%20no%20tienen%20por%20qu%C3%A9%20estar%20cuarentena.%3C\\\/p%3E%22%7D%5D\",\"blockId\":\"ZV8AqB\",\"blockUniqueClass\":\"lazyblock-two-column-side-by-side-text-inline-image-button-ZV8AqB\"} \/-->\n\n<!-- wp:lazyblock\/carousel {\"items\":\"%5B%7B%22image-1152x648%22:%7B%22alt%22:%22%22,%22title%22:%22STAYAWARDS%20Vccp%20medios%202%22,%22caption%22:%22%22,%22id%22:8939,%22link%22:%22https:\\\/\\\/www.vccp.com\\\/madrid\\\/news\\\/2020\\\/03\\\/stay-awards\\\/attachment\\\/stayawards-vccp-medios-2%22,%22url%22:%22https:\\\/\\\/www.vccp.com\\\/madrid\\\/wp-content\\\/uploads\\\/sites\\\/3\\\/2020\\\/08\\\/STAYAWARDS-Vccp-medios-2.jpg%22%7D%7D,%7B%22image-1152x648%22:%7B%22alt%22:%22%22,%22title%22:%22STAYAWARDS%20Vccp%20medios%201%22,%22caption%22:%22%22,%22id%22:8938,%22link%22:%22https:\\\/\\\/www.vccp.com\\\/madrid\\\/news\\\/2020\\\/03\\\/stay-awards\\\/attachment\\\/stayawards-vccp-medios-1%22,%22url%22:%22https:\\\/\\\/www.vccp.com\\\/madrid\\\/wp-content\\\/uploads\\\/sites\\\/3\\\/2020\\\/08\\\/STAYAWARDS-Vccp-medios-1.jpg%22%7D%7D%5D\",\"arrow-controls\":true,\"blockId\":\"nhy4P\",\"blockUniqueClass\":\"lazyblock-carousel-nhy4P\"} \/-->\n\n<!-- wp:lazyblock\/quote-full-width {\"quote\":\"Sabemos que una situaci\\u00f3n como la que estamos viviendo requiere que todos pongamos nuestro granito de arena para ayudar, as\\u00ed que empezamos a preguntarnos qu\\u00e9 papel podr\\u00eda jugar el sector publicitario en esta crisis. Nosotros creemos que la creatividad es una herramienta fundamental para solventar algunos de los retos a los que nos estamos enfrentando en estos momentos. Por eso, a trav\\u00e9s de Stay Awards, queremos invitar a todo el sector a ponerse al servicio de la sociedad para aportar soluciones reales a los problemas del que ya es nuestro nuevo d\\u00eda a d\\u00eda.Quiz\\u00e1s con nuestro trabajo no podamos salvar vidas, pero estamos seguros de que podemos, al menos, mejorarlas.\",\"quotee\":\"Lia Garcia, copywriter en VCCP\",\"blockId\":\"Z12IXQQ\",\"blockUniqueClass\":\"lazyblock-quote-full-width-Z12IXQQ\"} \/-->","post_title":"Stay Awards","post_excerpt":"","post_status":"publish","comment_status":"closed","ping_status":"closed","post_password":"","post_name":"stay-awards","to_ping":"","pinged":"","post_modified":"2020-08-27 16:57:34","post_modified_gmt":"2020-08-27 15:57:34","post_content_filtered":"","post_parent":0,"guid":"https:\/\/www.vccp.com\/madrid\/?post_type=news&#038;p=8941","menu_order":0,"post_type":"news","post_mime_type":"","comment_count":"0","filter":"raw"}}],"meta_title":"VCCP.es - News","hide_related_items":[]},"lang":"es-es","translations":{"es-es":1029,"en-gb":896},"pll_sync_post":[],"_links":{"self":[{"href":"https:\/\/www.vccp.com\/spain\/wp-json\/wp\/v2\/pages\/1029","targetHints":{"allow":["GET"]}}],"collection":[{"href":"https:\/\/www.vccp.com\/spain\/wp-json\/wp\/v2\/pages"}],"about":[{"href":"https:\/\/www.vccp.com\/spain\/wp-json\/wp\/v2\/types\/page"}],"author":[{"embeddable":true,"href":"https:\/\/www.vccp.com\/spain\/wp-json\/wp\/v2\/users\/2"}],"replies":[{"embeddable":true,"href":"https:\/\/www.vccp.com\/spain\/wp-json\/wp\/v2\/comments?post=1029"}],"version-history":[{"count":1,"href":"https:\/\/www.vccp.com\/spain\/wp-json\/wp\/v2\/pages\/1029\/revisions"}],"predecessor-version":[{"id":1030,"href":"https:\/\/www.vccp.com\/spain\/wp-json\/wp\/v2\/pages\/1029\/revisions\/1030"}],"wp:attachment":[{"href":"https:\/\/www.vccp.com\/spain\/wp-json\/wp\/v2\/media?parent=1029"}],"curies":[{"name":"wp","href":"https:\/\/api.w.org\/{rel}","templated":true}]}}